lculate the remainder when 8826770 is divided by 1705.
1690
Calculate the remainder when 125263 is divided by 717.
505
Calculate the remainder when 7276391 is divided by 7276388.
3
Calculate the remainder when 129758 is divided by 1019.
345
What is the remainder when 490677 is divided by 180?
177
What is the remainder when 76116100 is divided by 55?
5
What is the remainder when 342297 is divided by 864?
153
What is the remainder when 41615185 is divided by 46?
43
Calculate the remainder when 10792 is divided by 9960.
832
What is the remainder when 82400 is divided by 869?
714
What is the remainder when 1030161308 is divided by 15?
8
Calculate the remainder when 1726348 is divided by 863174.
0
Calculate the remainder when 6829048 is divided by 292.
44
Calculate the remainder when 56396 is divided by 167.
117
Calculate the remainder when 220451 is divided by 4121.
2038
Calculate the remainder when 222735 is divided by 577.
13
Calculate the remainder when 15744998 is divided by 1918.
136
What is the remainder when 81840 is divided by 6267?
369
What is the remainder when 35051829 is divided by 216?
213
Calculate the remainder when 504187 is divided by 348.
283
Calculate the remainder when 167220048 is divided by 48.
0
Calculate the remainder when 10105833 is divided by 521.
517
What is the remainder when 1043984 is divided by 795?
149
Calculate the remainder when 320139 is divided by 22867.
1
What is the remainder when 33713704 is divided by 14?
10
Calculate the remainder when 4427716 is divided by 88.
84
What is the remainder when 5583591 is divided by 20?
11
Calculate the remainder when 684492 is divided by 684486.
6
Calculate the remainder when 2500530 is divided by 1250263.
4
What is the remainder when 9794 is divided by 3155?
329
Calculate the remainder when 298938 is divided by 99636.
30
What is the remainder when 33906913 is divided by 62?
43
What is the remainder when 184313 is divided by 16745?
118
What is the remainder when 29485373 is divided by 37?
36
What is the remainder when 1439036 is divided by 155?
16
What is the remainder when 5641862 is divided by 11019?
134
Calculate the remainder when 225399 is divided by 56342.
31
What is the remainder when 280540276 is divided by 79926?
16
Calculate the remainder when 18406600 is divided by 357.
37
What is the remainder when 957848 is divided by 25206?
20
What is the remainder when 5655154 is divided by 3733?
3392
What is the remainder when 271329711 is divided by 41?
34
Calculate the remainder when 53774233 is divided by 51.
37
What is the remainder when 184616584 is divided by 4343?
4340
What is the remainder when 174218 is divided by 3063?
2690
Calculate the remainder when 87615 is divided by 12219.
2082
What is the remainder when 2980240 is divided by 90310?
10
What is the remainder when 76066057 is divided by 758?
757
Calculate the remainder when 38402 is divided by 1445.
832
Calculate the remainder when 25087354 is divided by 14.
12
Calculate the remainder when 6621707 is divided by 6621670.
37
Calculate the remainder when 963432 is divided by 1090.
962
Calculate the remainder when 37440979 is divided by 12480321.
16
Calculate the remainder when 1044654 is divided by 543.
465
Calculate the remainder when 25781442 is divided by 61.
36
Calculate the remainder when 1262698 is divided by 60119.
199
Calculate the remainder when 96375 is divided by 1325.
975
Calculate the remainder when 4025033 is divided by 18721.
18
Calculate the remainder when 8781 is divided by 1200.
381
What is the remainder when 111045 is divided by 457?
451
Calculate the remainder when 255941 is divided by 63978.
29
What is the remainder when 8441434 is divided by 133991?
1
What is the remainder when 8842145 is divided by 202?
201
What is the remainder when 18797 is divided by 1452?
1373
Calculate the remainder when 76643100 is divided by 145.
15
What is the remainder when 3859884 is divided by 1156?
0
What is the remainder when 481053 is divided by 40068?
237
Calculate the remainder when 2649866 is divided by 493.
484
Calculate the remainder when 12867722 is divided by 1628.
10
Calculate the remainder when 22954590 is divided by 16.
14
What is the remainder when 11726651 is divided by 37?
19
Calculate the remainder when 253093 is divided by 426.
49
Calculate the remainder when 3887850 is divided by 356.
330
What is the remainder when 113074 is divided by 4340?
234
What is the remainder when 5700281 is divided by 271?
67
What is the remainder when 54073832 is divided by 159?
158
Calculate the remainder when 1213349 is divided by 606006.
1337
Calculate the remainder when 42266181 is divided by 43.
19
What is the remainder when 3407314 is divided by 227154?
4
What is the remainder when 1718887 is divided by 703?
52
Calculate the remainder when 14823152 is divided by 157.
154
Calculate the remainder when 509134 is divided by 3034.
2456
What is the remainder when 2010425 is divided by 38662?
1
Calculate the remainder when 11600960 is divided by 325.
85
Calculate the remainder when 23647443 is divided by 213040.
3
What is the remainder when 5089158 is divided by 424096?
6
What is the remainder when 1145144558 is divided by 10?
8
What is the remainder when 2765310 is divided by 2142?
2130
Calculate the remainder when 37222080 is divided by 257.
256
What is the remainder when 120131 is divided by 2362?
2031
What is the remainder when 21409653 is divided by 916?
901
Calculate the remainder when 3328025 is divided by 19928.
49
Calculate the remainder when 837665 is divided by 11797.
78
Calculate the remainder when 256424 is divided by 402.
350
What is the remainder when 1759115 is divided by 251200?
715
What is the remainder when 51462286 is divided by 785?
41
Calculate the remainder when 1815266 is divided by 1405.
6
What is the remainder when 20281506 is divided by 387?
384
What is the remainder when 167897 is divided by 868?
373
Calculate the remainder when 9549934 is divided by 4509.
4381
What is the remainder when 10771874 is divided by 383?
382
Calculate the remainder when 10737 is divided by 2202.
1929
What is the remainder when 47919 is divided by 47894?
25
Calculate the remainder when 383029 is divided by 54656.
437
Calculate the remainder when 6017949 is divided by 54215.
84
What is the remainder when 12172 is divided by 392?
20
Calculate the remainder when 28327 is divided by 1172.
199
What is the remainder when 8179582 is divided by 254?
20
What is the remainder when 7979499 is divided by 161?
17
What is the remainder when 4093461 is divided by 4318?
4315
What is the remainder when 125443 is divided by 7269?
1870
Calculate the remainder when 9254866 is divided by 238.
236
What is the remainder when 2771288 is divided by 261?
251
What is the remainder when 558004 is divided by 557470?
534
Calculate the remainder when 2156050 is divided by 63413.
8
Calculate the remainder when 2797656 is divided by 699403.
44
What is the remainder when 18023404 is divided by 175?
154
What is the remainder when 2571675 is divided by 1145?
5
What is the remainder when 22126 is divided by 244?
166
What is the remainder when 208232 is divided by 3321?
2330
Calculate the remainder when 180736328 is divided by 102.
80
What is the remainder when 15231965 is divided by 11444?
1
What is the remainder when 1224075 is divided by 136006?
21
Calculate the remainder when 19999197 is divided by 40.
37
What is the remainder when 868628 is divided by 434177?
274
What is the remainder when 118061 is divided by 3058?
1857
What is the remainder when 59282 is divided by 146?
6
Calculate the remainder when 195657304 is divided by 14.
10
Calculate the remainder when 5893287 is divided by 168.
15
What is the remainder when 5907849 is divided by 3725?
3724
Calculate the remainder when 106058490 is divided by 11387.
11359
Calculate the remainder when 2967089 is divided by 213.
212
Calculate the remainder when 4312066 is divided by 753.
388
What is the remainder when 79395 is divided by 79370?
25
Calculate the remainder when 8212463 is divided by 137.
135
What is the remainder when 90277 is divided by 4520?
4397
Calculate the remainder when 223896170 is divided by 977.
11
Calculate the remainder when 175969 is divided by 853.
251
Calculate the remainder 